
35
In base 8, what is 16071 + 5?
16076
In base 8, what is -1061 + -5?
-1066
In base 12, what is 419 + -3?
416
In base 6, what is 1210 - -4?
1214
In base 8, what is -315 - 12?
-327
In base 6, what is 101155 + -3?
101152
In base 6, what is -25201 + 2?
-25155
In base 4, what is -323 - 2302?
-3231
In base 7, what is -2 + -64?
-66
In base 2, what is 101010000 - -11?
101010011
In base 13, what is 20 - 7?
16
In base 8, what is -1 - -125?
124
In base 8, what is 1 + -51?
-50
In base 2, what is 11 - 110110001?
-110101110
In base 2, what is -1111000000 - 100?
-1111000100
In base 4, what is -11 - -2333?
2322
In base 9, what is -4 + -31?
-35
In base 15, what is 217 - -2?
219
In base 7, what is -511 - 3?
-514
In base 13, what is -112 + -1?
-113
In base 8, what is 1 - -2132?
2133
In base 16, what is 5 - -2d?
32
In base 6, what is -241 + 0?
-241
In base 11, what is 5 + 3653?
3658
In base 4, what is 10 - -220?
230
In base 5, what is 4 + -12434?
-12430
In base 14, what is -30 - 2?
-32
In base 5, what is -34 + 0?
-34
In base 9, what is 1 + 746?
747
In base 2, what is 1101 - -11100011?
11110000
In base 2, what is 1110 + 1?
1111
In base 8, what is -12 + 31?
17
In base 9, what is 24 - 2?
22
In base 13, what is 1a + -10?
a
In base 14, what is -35 + 4d?
18
In base 16, what is 151 - 0?
151
In base 14, what is 10 - -1d?
2d
In base 12, what is -1 + b11?
b10
In base 12, what is -299 + 6?
-293
In base 10, what is -4 + -315?
-319
In base 7, what is -116112 + -4?
-116116
In base 5, what is 112 + -23?
34
In base 5, what is 10242 + -2?
10240
In base 9, what is 46 - 22?
24
In base 9, what is -231 + 16?
-214
In base 7, what is 3 - -305?
311
In base 15, what is 22 + 7?
29
In base 13, what is 511 + 3?
514
In base 4, what is -1 - -1223?
1222
In base 10, what is -3109 - 1?
-3110
In base 5, what is 10 + 20000?
20010
In base 12, what is 18 - a5?
-89
In base 9, what is 60 + 112?
172
In base 7, what is -4 + 2262?
2255
In base 9, what is 2383 + -2?
2381
In base 7, what is 0 - 100?
-100
In base 12, what is 779 + -7?
772
In base 3, what is 221 + -2?
212
In base 7, what is 5 - 1025?
-1020
In base 16, what is e + -1d?
-f
In base 3, what is -11100 - 111?
-11211
In base 2, what is 10 + -11011111100?
-11011111010
In base 7, what is 23 + -45?
-22
In base 5, what is -111 - -12?
-44
In base 8, what is -613 + 0?
-613
In base 9, what is 2753 + -1?
2752
In base 12, what is 38 + -a6?
-6a
In base 14, what is -3d7 + -4?
-3db
In base 6, what is 10 + -15?
-5
In base 11, what is 152 + 0?
152
In base 16, what is -51 + -19?
-6a
In base 15, what is -4ec + 3?
-4e9
In base 7, what is 1 + 30660?
30661
In base 6, what is -40 + -32?
-112
In base 3, what is 12 + -21202?
-21120
In base 14, what is 4 + 2d?
33
In base 6, what is -43 + -4?
-51
In base 8, what is -2516 - -1?
-2515
In base 2, what is -1000111110 + 0?
-1000111110
In base 3, what is 10102 + -10?
10022
In base 2, what is -11110110 - -11?
-11110011
In base 13, what is 20 + 49?
69
In base 6, what is 20 - -2?
22
In base 6, what is -13104 + -3?
-13111
In base 6, what is -20 + 0?
-20
In base 4, what is 0 + 2113?
2113
In base 8, what is -330 - 3?
-333
In base 9, what is -4 + -2205?
-2210
In base 6, what is 222 + -24?
154
In base 9, what is 2 + -121?
-118
In base 3, what is 11 - 1200?
-1112
In base 8, what is 22 + 127?
151
In base 4, what is 2 + -2133?
-2131
In base 12, what is -b - 20?
-2b
In base 11, what is 28 - a?
19
In base 5, what is -4 - -3103?
3044
In base 2, what is -1010000100010 + -10?
-1010000100100
In base 9, what is 3 + -1150?
-1146
In base 11, what is -1874 - 5?
-1879
In base 2, what is -110 - 100110000?
-100110110
In base 5, what is -4 + -1042?
-1101
In base 4, what is 21 - 32?
-11
In base 6, what is 153451 - -4?
153455
In base 3, what is 1 - 2001?
-2000
In base 4, what is 11133130 - -3?
11133133
In base 13, what is -18 - 3?
-1b
In base 5, what is -234 - 3?
-242
In base 10, what is 44 - -3?
47
In base 14, what is -141 - 3?
-144
In base 16, what is -5 + 8a?
85
In base 6, what is -34 - -5?
-25
In base 14, what is 66c3 + 4?
66c7
In base 8, what is 3 + 10?
13
In base 13, what is 1 + 83?
84
In base 8, what is 602 + -1?
601
In base 6, what is 33 - 1154?
-1121
In base 6, what is -352 + 20?
-332
In base 11, what is -3 - -218?
215
In base 12, what is -39 - -2a?
-b
In base 5, what is 12 + 1?
13
In base 7, what is -54 + -12?
-66
In base 14, what is 71 - a?
65
In base 14, what is -19d - 4?
-1a3
In base 16, what is 5 - 0?
5
In base 2, what is 1001011110 + -1011?
1001010011
In base 9, what is 2 + -10?
-7
In base 13, what is 9 + 12?
1b
In base 2, what is -101 + -100011011?
-100100000
In base 10, what is -61 - -1?
-60
In base 14, what is -3 - 6bd?
-6c2
In base 13, what is -13 + 6?
-a
In base 8, what is 0 + 24?
24
In base 3, what is 21 + -1222?
-1201
In base 7, what is 1134 - -65?
1232
In base 8, what is -37 + 31?
-6
In base 2, what is 1001 - -110011?
111100
In base 11, what is -3 - 24?
-27
In base 2, what is -11 - -10000?
1101
In base 9, what is -433 - 11?
-444
In base 10, what is -12 + -18?
-30
In base 2, what is -1 - 1110011?
-1110100
In base 15, what is -52 + -4?
-56
In base 11, what is -2 - 89?
-90
In base 7, what is 3 - 1032?
-1026
In base 9, what is 1 + 443?
444
In base 7, what is -11 + 50?
36
In base 7, what is -24 - -2?
-22
In base 7, what is 0 + -22?
-22
In base 3, what is 11 + 10201100?
10201111
In base 6, what is 1 + -341?
-340
In base 11, what is -3 - 2313?
-2316
In base 3, what is 100002 + -1?
100001
In base 10, what is 134 - -250?
384
In base 16, what is -7f - 5?
-84
In base 15, what is 14cc + -5?
14c7
In base 4, what is -12 + -100?
-112
In base 14, what is -8 + -171?
-179
In base 15, what is 5 + -1a95?
-1a90
In base 15, what is -288 - 2?
-28a
In base 8, what is -2 + 147?
145
In base 2, what is -1110 + -101?
-10011
In base 13, what is a + 1?
b
In base 11, what is -1476 - -3?
-1473
In base 14, what is -60 - -a2?
42
In base 8, what is 1 - -3437?
3440
In base 8, what is 5 + 2735?
2742
In base 13, what is 5 + -3c?
-37
In base 3, what is -2 - 0?
-2
In base 14, what is -5 - 26?
-2b
In base 6, what is -1 + -5003?
-5004
In base 3, what is -1 - 20022?
-20100
In base 5, what is 10 - -4?
14
In base 13, what is 88 - -7?
92
In base 9, what is 6 + 57?
64
In base 8, what is 5531 - 2?
5527
In base 4, what is -132201 - -2?
-132133
In base 2, what is 11 - 11011?
-11000
In base 9, what is -410 + -3?
-413
In base 10, what is -3 - -7312?
7309
In base 13, what is 6b - 5?
66
In base 5, what is -2 - 124?
-131
In base 2, what is 1101 + 1?
1110
In base 15, what is -4 - 8e?
-93
In base 10, what is 1514 - -3?
1517
In base 15, what is 0 - -1ac?
1ac
In base 8, what is 5 - -2320?
2325
In base 5, what is -1 + 423?
422
In base 3, what is 1 + -2000?
-1222
In base 14, what is -3 + 722?
71d
In base 3, what is 1201011 - 110?
1200201
In base 7, what is 1054 - 5?
1046
In base 8, what is -3 - -5?
2
In base 14, what is -6 - 34?
-3a
In base 9, what is -436 - -3?
-433
In base 13, what is -89 + -3?
-8c
In base 14, what is -6a - 3?
-6d
In base 15, what is -e1 - -3?
-dd
In base 16, what is 0 + -b13?
-b13
In base 8, what is -1473 - -5?
-1466
In base 9, what is 13 + 43?
56
In base 14, what is -14 - -5?
-d
In base 11, what is 120 + 4?
124
In base 7, what is 2226 - 10?
2216
In base 4, what is 221322 + 10?
221332
In base 11, what is -2 + -79?
-80
In base 15, what is 5 - 1e?
-19
In base 6, what is -1 + 1150?
1145
In base 2, what is -1110110101 - -100?
-1110110001
In base 14, what is -4 - 18?
-1c
In base 9, what is -7 - -100?
82
In base 9, what is 1 - -1603?
1604
In base 10, what is 3 + 196?
199
In base 10, what is -256 - -36?
-220
In base 15, what is 11 + -6?
a
In base 2, what is -1 + 11111000011?
11111000010
In base 6, what is 1 - -4041?
4042
In base 4, what is 10 - -100003?
100013
In base 5, what is -1330 + 14?
-1311
In base 6, what is 103 - -144?
251
In base 5, what is -30 - -44?
14
In base 16, what is -21 + -1?
-22
In base 10, what is -14 + -13?
-27
In base 14, what is -1a4 + 2?
-1a2
In base 8, what is -620 - -7?
-611
In base 10, what is -5 + -159?
-164
In base 11, what is -4 - -45?
41
In base 13, what is 0 + -1038?
-1038
In base 9, what is 14 + 64?
78
In base 9, what is -125 + 35?
-80
In base 10, what is -60 + -16?
-76
In base 10, what is -1430 - -3?
-1427
In base 12, what is 75 + -38?
39
